 -5*w + 14. Let o(u) be the second derivative of u**4/12 + u**3/2 + 3*u**2/2 - 2*u. What is o(p)?
1
Let p(m) = 11*m - 19. Let r(c) = 4*c - 7. Let q(n) = 3*p(n) - 8*r(n). Calculate q(-5).
-6
Let t(r) = r + r**2 + r**3 - 3 + 3. Determine t(-1).
-1
Let r = -13 + 4. Let s = r - -7. Let m(g) = -g**2. Give m(s).
-4
Let f(n) = -4*n**3 + n**2 + 4*n. Let a be 4/(-14) - 138/(-42). Let o(j) = 7*j**3 - 2*j**2 - 8*j - 1. Let l(s) = a*o(s) + 5*f(s). Calculate l(-2).
-7
Let i be (6/10)/(18/45). Let q(m) be the first derivative of -1/4*m**4 - 5*m + 2*m**3 + 3 - i*m**2. What is q(5)?
5
Let c = -14 + 13. Let p(g) = -2*g**2 - 1. Determine p(c).
-3
Let g be (-2)/((-2)/(-1)) + 3. Let s(l) = 6*l + 1. Give s(g).
13
Let n(a) be the second derivative of -a**5/20 - a**4/3 - a**3/6 - 2*a**2 + 2*a. Let v be 1/2 - (-54)/12. Suppose 1 = -v*o - 19. Determine n(o).
0
Suppose 3*f + 5 = 20. Let y be (-3)/(-5) - 33/f. Let x(w) = w**3 + 6*w**2 + 5. Calculate x(y).
5
Suppose 3*h + j - 3 = 0, -5*j = -h + 17 - 0. Let t(v) = -v + 1 + 12*v + v - h*v. Calculate t(-1).
-9
Let p(s) = 4*s**2. Let g be p(-1). Let l(i) = -i + 3 + 0 - g. Suppose 0 = -5*m - 5*v, v + 3*v + 10 = -2*m. Determine l(m).
-6
Suppose -3*f + 4 = -8. Let d(j) = 4*j**2 + 3*j**2 - j**3 - j**2 + f*j - 10*j. Let u be 5 + 1 + (-2 - -1). What is d(u)?
-5
Let y(o) be the second derivative of -3/20*o**5 - 1/2*o**2 - 2*o + 0 - 1/12*o**4 + 1/3*o**3. Calculate y(1).
-3
Suppose -5*n + 35 = -45. Suppose 3*p = -n + 1. Let r(g) = g**2 + 6*g + 7. What is r(p)?
2
Suppose 2*o + 4*h - 2 = 3*h, 0 = -3*o - 3*h + 9. Let q(k) be the first derivative of 0 + k + 2*k**2 + 1 + k**2. Calculate q(o).
-5
Let d = -5 + 0. Let w(z) = 6*z + 7. Let i(p) = -p - 1. Let b(c) = d*i(c) - w(c). What is b(-2)?
0
Let l be 2/(-7) - 18/(-14). Let m(s) be the first derivative of -s**7/840 - s**6/360 + 2*s**3/3 + 1. Let p(t) be the third derivative of m(t). What is p(l)?
-2
Let t(f) = 2*f - 11. Let g(r) = 2*r - 11. Let v(a) = -4*g(a) + 5*t(a). Determine v(9).
7
Let v(i) = 11 + 8*i - 4 - 3. Calculate v(-3).
-20
Let w = 0 + 4. Let b(p) = p**2 - w*p**2 - 5*p + 2*p**2 + 2*p**2 - 1. Give b(3).
-7
Let o = -4 - -3. Let u(z) = 3*z - 1. Give u(o).
-4
Let c(w) be the first derivative of w**4/4 + 5*w**3/3 + 5*w**2/2 + 4*w + 2. Suppose -5*q + 3*q = 0. Suppose l + 3 + 0 = q. Calculate c(l).
7
Let i(k) be the first derivative of 3*k**2/2 + 8*k + 18. Determine i(-6).
-10
Let o(q) = 3*q**2 - 12*q - 9. Let s(r) = r**2 + 6*r + 5. Let p be s(-6). Let k(b) = -2*b**2 + 6*b + 5. Let w(i) = p*k(i) + 3*o(i). Determine w(-6).
-2
Let l(r) = -4*r**3 + 8*r**2 + 11*r + 2. Let o(q) = -q**3 + q**2 + q - 1. Let a(h) = l(h) - 3*o(h). Give a(6).
17
Let b(l) = -5 - 5*l - 3*l + 6. What is b(-1)?
9
Let m be -6 - -2 - 4/(-2). Let n(i) = i**2 - 2*i + i + 4*i. Give n(m).
-2
Let w = 99 + -104. Let p(d) = -d**2 - 6*d - 5. Calculate p(w).
0
Let g(r) = 2*r + 4 - 5 - 3. Determine g(3).
2
Suppose 0 = -l + 2*y - 0 - 1, -3*l = -5*y + 1. Let r(i) = 4*i**3 - 3*i**2 + 4*i - 3. Let u(x) = -x**3 - x + 1. Let n(t) = l*u(t) + r(t). What is n(2)?
-2
Suppose -5*b = -45 - 15. Suppose b = 4*l + 40. Let k(y) = y**3 + 8*y**2 + 9*y + 7. Determine k(l).
-7
Suppose 12 = 3*f - f. Let k(u) = 8 + f*u - 4*u**2 + 4*u**2 - u**2. Let q be k(7). Let n(a) = -8*a**3. What is n(q)?
-8
Let d(t) = 3*t - 21. Suppose -4*z + 29 = 3*a, 5 = -5*a + 20. Let w(q) = -q + 10. Let n(u) = z*w(u) + 2*d(u). What is n(0)?
8
Let s(t) be the second derivative of -t**5/4 - t**3/3 + t**2/2 + 2*t. Suppose -7 = 3*f + 2. Let q be (-1)/(-2) - f/6. What is s(q)?
-6
Let l(m) = m**3 + m**2. Suppose -5*k = -3*y - 32, k - 1 - 7 = y. Let n = -6 - y. Let q be n + 4 + -4 + 0. Determine l(q).
-4
Let g(x) = -x**3 - 4*x**2 + 5*x - 3. Let n(d) = -d**3 - 4*d**2 + 5*d - 2. Let t(j) = 3*g(j) - 2*n(j). Give t(-5).
-5
Suppose -y = -8*y - 7. Let j(p) be the third derivative of p**6/12 - p**4/12 - p**3/6 - 2*p**2. Calculate j(y).
-9
Suppose 4*a - 4 = 4. Suppose -5*j - m = 25, 4*m = a - 22. Let d(w) = w - 3 + 0 + 7. Give d(j).
0
Let s(q) be the first derivative of 9/2*q**2 + 0*q + 2. Give s(-1).
-9
Let f(w) be the first derivative of -1 + w + 1/2*w**2. Determine f(0).
1
Suppose -3*x + 2*p = -19 + 7, 0 = 5*x - 2*p - 20. Let z(v) be the second derivative of v**4/12 - v**3 + 3*v**2/2 - v. What is z(x)?
-5
Let j(u) be the first derivative of -u**7/840 + u**6/180 - u**5/30 + u**4/8 - u**3/3 - 1. Let h(k) be the third derivative of j(k). Calculate h(2).
-5
Let q(u) = 10*u + 10 + u**3 - 8*u**2 - u - 8*u. Give q(8).
18
Let p(m) = 2*m - 1 + 11*m**2 + 7 - 8*m - 12*m**2. Let q be 132/(-21) + 2/7. Determine p(q).
6
Let w be (-16)/6*117/78. Let j(l) = -2*l + 3. Let t(c) = 6*c - 8. Let h(k) = -17*j(k) - 6*t(k). Calculate h(w).
5
Let u(m) = 0 - 1 + 2*m**3 + 0*m**3 - 3*m**3 + 7*m**2. What is u(7)?
-1
Let s(y) = 4*y + y**3 - 4*y + 3 - y. Let u be s(0). Suppose 5*x = 2*l + u*x, 10 = l + x. Let m(d) = -d - 1. Determine m(l).
-6
Let q = 16 + -11. Let h(k) = 3*k**2 + 19*k - 19. Let a(l) = 5*l**2 + 29*l - 29. Let p(u) = -5*a(u) + 8*h(u). Give p(q).
3
Let a(f) be the second derivative of -f**5/20 - f**4/2 - 2*f**3/3 + 7*f**2/2 + 6*f. Determine a(-5).
2
Let z(w) = 2*w - 5. Let c be z(6). Let k(q) = -q**2 + q - c + 7. Suppose -5 = -3*a + 1. Calculate k(a).
-2
Let j(l) = 1 + l + 0*l + 0 - l**2. Let v be ((-14)/(-42))/((-1)/(-12)). Determine j(v).
-11
Suppose -4*c + v = -2*v - 2, 5*c - 4 = 3*v. Suppose -c*g = -3*x - 8, -2*g + 4 = 3*x - g. Let b(w) = -w**2 - w. What is b(x)?
0
Let j(y) be the first derivative of -2*y**3/3 - 3*y**2/2 - 3*y + 1. Let b be (-72)/33 - 24/(-132). Calculate j(b).
-5
Let y be (42/(-15) - -3)*5. Let r be y/6 + 75/(-18). Let f(p) = p**2 + 3*p - 5. Calculate f(r).
-1
Let n(s) = 13*s - 5. Let z(i) = i**3 + 6*i**2 - 7. Let a be z(-5). Let p = -7 - -3. Let o(b) = 3*b - 1. Let u(l) = a*o(l) + p*n(l). Determine u(-4).
-6
Let x(h) = -7 + 5 + 4*h**2 + 2. What is x(1)?
4
Let a(b) = 2*b - 9. Let j(t) = -t + 5. Let r(d) = 3*a(d) + 5*j(d). Determine r(4).
2
Let x(k) be the third derivative of -k**5/120 - 7*k**4/24 + k**3/6 + 3*k**2. Let m(b) be the first derivative of x(b). Calculate m(-5).
-2
Let g(k) = -6*k**3 - 2*k - 1. Let a = 4 + -1. Suppose -2*w = 2*o + w + 9, a*o + 2*w = -1. Suppose 1 = o*r + 4. Calculate g(r).
7
Let h(m) = -2*m + 3. Let j(z) = -z - 4. Let o be j(-6). Give h(o).
-1
Let n(f) = f. Let u(y) = y + 7. Let b(a) = -n(a) - u(a). Suppose 0 = -q - 4*q + 3*w - 40, -3*q - 5*w + 10 = 0. What is b(q)?
3
Let c(n) = 2*n + 3*n**2 + 2 - 1 + 2*n**2. Let x = 139 + -140. Give c(x).
4
Let w = -8 - -13. Let j(y) = -y**3 - 2*y - w*y - 6 + 6*y**2 + 7*y. Give j(6).
-6
Let r be ((-5)/(-2) + -2)*2. Let i(y) be the third derivative of -y**6/30 - y**5/60 + y**4/12 - y**3/6 - 22*y**2. Calculate i(r).
-4
Let h(m) = -m**3 - 16*m**2 - 27*m + 13. Let r be h(-14). Let z(k) = 9*k + 1. Let g(t) = t. Let q(u) = -5*g(u) + z(u). Calculate q(r).
-3
Let i(t) = -t**2 + 5*t - 1. Let k = -9 + 8. Let x(o) = -5*o. Let c be x(k). Give i(c).
-1
Let g be 12/(-18) + 1/(-3). Let x(v) = 8*v + 1. What is x(g)?
-7
Let k(h) = -4*h**3 + h**2 + 4*h + 2. Let l(a) = 3*a**3 - 2*a - 2. Let i(y) = 4*k(y) + 5*l(y). Let f(n) = -n**3 - n**2 - n + 5. Let g be f(0). Determine i(g).
3
Let n = 13 + -10. Let u(t) = -t**2 + 10 - 1 + 3*t - t + n*t. Give u(7).
-5
Let b(z) be the third derivative of z**5/60 - 5*z**4/24 + z**3/3 + 8*z**2. Determine b(6).
8
Let t = 6 - 3. Let p be -2*2/2 - -4. Let j(a) = 14 + p*a - 2 - t*a. Determine j(5).
7
Let z(w) be the third derivative of w**7/5040 - w**6/720 - w**5/10 - 6*w**2. Let u(c) be the third derivative of z(c). Determine u(2).
1
Let a(q) = 7*q**2 - q. Let g be a(2). Let i be 13/(-65) - g/(-5). Let c(n) = n**2 - 4*n + 2. Determine c(i).
7
Let w(q) = q**3 + 4*q**2 - q + 1. Let n be 8/40 - (-42)/(-10). Calculate w(n).
5
Let i be 9/(-21) - 22/14. Let t(x) = -2*x**2 + 2. Calculate t(i).
-6
Let o(h) = h + 1. Let n(x) = -x + 7. Let z be n(5). Suppose t - z*t = 5. Let s(g) = g**2 + 3*g + 4. Let a(u) = t*o(u) + s(u). Give a(-2).
7
Suppose 3*i - 4*z + 22 = -0*z, 0 = 3*i + 2*z - 2. Let r(n) = -n + 4*n - 5*n**2 + 8*n**2 - 1 + 2. Calculate r(i).
7
Let z(s) = -21*s + 48. Let q(u) = -3*u + 7. Let o(i) = 27*q(i) - 4*z(i). Give o(5).
12
Let l(p) be the first derivative of 2*p**2 + 5*p - 1 - 1/3*p**3. Determine l(5)